 of 3 and b?
1
Suppose 0 = 5*v - 483 + 78. Let n be v/4 - 1/4. What is the highest common divisor of 40 and n?
20
Suppose 0 = 2*f - 5*b + 13, 4*b - 26 = 7*f - 8*f. Calculate the greatest common factor of f and 402.
6
Suppose 5*f = -f + 18. Suppose y - f*w = 5*y - 191, -5*y + w + 215 = 0. Calculate the highest common factor of 11 and y.
11
Let p = -1 + 1. Suppose 2*o = -2*w - 34, -w + o = -p*o + 19. Let q = w + 46. Calculate the highest common divisor of q and 28.
28
Suppose 3*m - 50 = -f + 7, 2*m = f + 38. What is the highest common factor of m and 38?
19
Let q be -42*(248/(-12) - -6). What is the greatest common factor of q and 88?
88
Suppose -3366 = -5*w + 3*z + 1098, -z + 1779 = 2*w. Calculate the highest common divisor of w and 36.
9
Let h(x) = x + 11. Let u be h(-6). Suppose 0 = -u*j + 457 + 138. Suppose -j = 19*p - 20*p. Calculate the highest common divisor of p and 17.
17
Let i = 19 - 16. Suppose 0 = 2*n - 1 - i. Suppose n*m - 2*j = 14, -m - 2*j - 3 = -j. What is the highest common divisor of m and 2?
2
Let n(f) = -f**3 - 23*f**2 - 8*f - 58. Let y be n(-23). What is the highest common factor of 45 and y?
9
Let u(x) = -x**2 - 14*x - 28. Let n be u(-10). Suppose 0 = -9*k + 6*k + 36. Calculate the highest common factor of n and k.
12
Let a = -5 + 25. Let b be (1 + -1)/(-2) - (3 + -63). What is the highest common divisor of b and a?
20
Suppose 1 = -2*m + 5. Suppose -d = -3*w + m*d + 57, 3*d = -5*w + 103. What is the highest common factor of 20 and w?
20
Let n be -1*(0 + -3 + 0). Suppose 0 = n*w - 139 + 31. Suppose 5*b + 3*h = 54, b = -b - 5*h + 14. What is the highest common divisor of b and w?
12
Suppose 6*m + 5*b + 356 = 7*m, -2*m + 680 = -2*b. What is the highest common divisor of 21 and m?
21
Let t be (-726)/(-5) + -1 + 27/15. What is the greatest common factor of t and 365?
73
Let v(r) = 4*r**2 + 5*r + 19. Let z(q) = 3*q**2 + 5*q + 18. Let s(h) = -4*v(h) + 5*z(h). Let t be s(6). Calculate the highest common factor of t and 4.
4
Let z = -48 + 1063. Calculate the greatest common factor of 58 and z.
29
Let v be (-3)/(-3) + 0 + 2. Suppose -k + 34 = -t - v*k, 5*t + 126 = k. Let z = 58 + t. What is the highest common divisor of z and 4?
4
Let o(i) = 2*i**2 + 3*i - 3. Let c be -2*2*12/16. Let y be o(c). Suppose -y*u + 35 + 13 = 0. What is the greatest common divisor of u and 12?
4
Suppose -13 = -2*h + 2*u + 3, -52 = -5*h + 2*u. Let v be (-156)/(-10)*(880/h)/11. Calculate the highest common factor of 26 and v.
26
Let c = -79 - -143. Let s = -2642 + 2646. What is the greatest common factor of s and c?
4
Suppose -196 = r - 8*r. Let y = 71 + -1. Calculate the highest common divisor of y and r.
14
Suppose -6 = 2*a - 5*a. Suppose 0 = 4*f + 20, 2*f + a*f + 12 = -4*o. Calculate the greatest common factor of 8 and o.
2
Suppose 0 = 2*m - 3*m + 3. Let g(l) = -2*l**3 - 2*l**2 + l + 2. Let h be g(2). Let n be ((-45)/(-20) - 3)*h. Calculate the highest common factor of m and n.
3
Suppose 4*b - 70 = -5*z, -5*z = 3*b - 4*z - 47. Suppose 15 = -3*c, -2*c - 17 = q - 0*c. Let m = -1 - q. What is the highest common divisor of m and b?
3
Let y(d) = 2*d - 6. Let t be y(4). Suppose 0 = 3*w - 132 - 0. Let k be 3/4 + 935/w. Calculate the greatest common factor of k and t.
2
Let h = 67 - -59. What is the highest common factor of 42 and h?
42
Let w(v) = v - 11. Let a be w(16). Let s(i) = -i**2 - 15*i - 19. Let t be s(-9). What is the highest common divisor of t and a?
5
Let y = 24 + -21. Suppose 0 = -4*i + 2*x + 66, 5*x = i + 3 + y. What is the highest common factor of i and 38?
19
Let f = 14 + 1. Let i = f + -10. Calculate the highest common factor of 5 and i.
5
Suppose 4672*i + 648 = 4681*i. Let q be 4 - 3 - (0 + -59). Suppose -4*x + q = 3*o, -4*x + 92 = -9*o + 4*o. What is the highest common factor of x and i?
18
Let v = -48 - -58. Let m(t) = t**2 - 7*t - 18. Let h be m(v). What is the greatest common divisor of 3 and h?
3
Let w = 232 - 87. Let u(d) = -d**3 - 20*d**2 - 26*d - 75. Let n be u(-19). Calculate the greatest common factor of w and n.
29
Let z(x) = -7*x**2 - 4*x + 4. Let j be z(2). Let c = j - -34. Let i be 39/9 - 4/(-6). What is the highest common factor of c and i?
1
Let w be (-78)/(-4) - 2/(-4). Suppose 0 = -333*f + 337*f - 3*c - 40, 5*f + 2*c - 50 = 0. What is the highest common divisor of f and w?
10
Let r(d) = 125*d + 22. Let p be r(2). Calculate the greatest common divisor of p and 34.
34
Let x(q) = -q - 27. Let y be x(0). Let o be -3 + 0 - (4 + 55 + 1). Let z = y - o. Calculate the highest common factor of z and 90.
18
Let f(k) = -k**2 + k + 4. Let n be f(-1). Calculate the greatest common divisor of n and 54.
2
Suppose b + 219 = 3*g + 4*b, 4*g - b - 287 = 0. Let v = g - 32. Calculate the highest common factor of 8 and v.
8
Let q be 2/(-6) + 2346/18. Suppose 30*f - 10 = 28*f. Let c(w) = w**3 - 4*w**2 + 1. Let h be c(f). What is the highest common factor of h and q?
26
Suppose -4*o = -4*h + 76 + 24, -2*h - 4*o + 50 = 0. Suppose 5*i - 107 = 518. Let c = i + -50. Calculate the highest common factor of c and h.
25
Suppose -5*s - 52 = -32. Let m be 8*171/6 + s. What is the highest common divisor of 28 and m?
28
Let b be (-186)/(-9 + 3) - -1*5. What is the highest common factor of 162 and b?
18
Suppose -2*d = -2*u - 11 + 19, 2*d - 2 = -3*u. What is the greatest common divisor of u and 78?
2
Suppose -2*p - 5*p + 1127 = 0. Let o be ((-63)/(-36))/((-27)/(-12) - 2). What is the highest common divisor of p and o?
7
Let p(t) = 139*t**2 + 13*t - 33. Let b be p(2). What is the greatest common factor of 18 and b?
9
Suppose 20 - 509 = 3*i. Let f = i + 273. What is the greatest common factor of f and 10?
10
Let n be 208/12 + (-2)/(-3). Let f be ((-982)/(-5))/((-30)/(-75)). Suppose 4*k + 5*w = -156 + 829, -w + f = 3*k. What is the greatest common factor of k and n?
18
Let h = -189 - -309. Calculate the highest common divisor of 50 and h.
10
Let u = 553 + -453. Calculate the highest common divisor of 225 and u.
25
Let u(g) = 31*g + 15. Let k(v) = -32*v - 15. Let m(a) = -6*k(a) - 5*u(a). Let r be m(5). Calculate the greatest common factor of 25 and r.
25
Let x(a) = 13*a - 82. Let l be x(9). What is the greatest common factor of l and 875?
35
Suppose -8*o - 2*m - 406 = -10*o, -25 = 5*m. Calculate the highest common divisor of 18 and o.
18
Suppose -b + 10 + 32 = 0. Suppose -48 = -r + 5*m, 51 = 2*r - r - 4*m. Let c be ((-8)/(-12))/(3/r). Calculate the greatest common factor of b and c.
14
Let c be (4/(24/(-27)))/((-6)/8). Suppose 82 + c = 8*m. What is the greatest common factor of m and 55?
11
Suppose 0 = -q - k + 14, -2*q + 3*k + 16 + 17 = 0. Suppose 0 = 2*b + p + p - 240, -5*p - 480 = -4*b. What is the greatest common factor of q and b?
15
Suppose 46 = 2*w - k, 46 = 5*w - 3*w - 4*k. Calculate the greatest common factor of w and 3.
1
Let h(c) = -c**3 - 8*c**2 - 8*c - 5. Let u be h(-7). Suppose i = u*i - 176. What is the highest common factor of i and 22?
22
Suppose 16*r = 13*r + 16254. Let k be (-2)/15 + r/135. What is the greatest common factor of 16 and k?
8
Suppose 0 = -3*c + 276 - 6. Let s be 2/(-8) - (-1)/4. Suppose 5*g - 3*g = -l + 16, -3*l - 6 = s. Calculate the greatest common factor of g and c.
9
Let u be 10/(-4)*48/(-30). Suppose 0*s - 317 = -5*k - s, -12 = u*s. Calculate the greatest common factor of 16 and k.
16
Let s(i) = -i**3 - 2*i**2 + i - 1. Let p be s(-3). Suppose 207 = p*b - 93. Suppose -28*a = 3*a - 930. What is the highest common factor of b and a?
30
Let o = -7 + 1. Let t = 3 + o. Let d be (-4 - -1) + (48 - t). Calculate the greatest common divisor of 6 and d.
6
Let x be 1 - (-2)/(10/85). Suppose -47 = -3*d + 7. Calculate the greatest common factor of x and d.
18
Let s be (2/(-4))/((-1)/(7 + -5)). Calculate the highest common factor of s and 49.
1
Suppose 9*a + 30 = 18*a - 3*a. Let s(v) = -v**2 - v + 10. Let y be s(0). What is the highest common divisor of y and a?
5
Let j(p) = p**3 - 14*p**2 + 14*p - 10. Let l be j(13). Suppose 49 = -l*m - 110. Let y = m + 93. What is the highest common divisor of 20 and y?
20
Suppose -d + 0*d + 2 = 0. Let b(j) = j - j + 67*j**d - 10*j**2. Let i be b(-1). Calculate the greatest common factor of i and 19.
19
Let t be ((-165)/2)/((-3)/4). Suppose 0 = 27*k - 627 + 33. What is the highest common divisor of k and t